by 86.
41
Calculate the remainder when 9802646 is divided by 35.
21
Calculate the remainder when 858119 is divided by 214358.
687
What is the remainder when 305664 is divided by 152828?
8
What is the remainder when 6538815 is divided by 64?
63
Calculate the remainder when 2929759 is divided by 1634.
1631
What is the remainder when 2007539 is divided by 1183?
1171
Calculate the remainder when 376443 is divided by 4475.
543
Calculate the remainder when 233315 is divided by 77730.
125
Calculate the remainder when 23542 is divided by 7220.
1882
Calculate the remainder when 804070 is divided by 31.
23
What is the remainder when 158905227 is divided by 39726301?
23
Calculate the remainder when 117753 is divided by 1481.
754
What is the remainder when 41815013 is divided by 324?
221
What is the remainder when 260236 is divided by 1454?
1424
What is the remainder when 302501 is divided by 42348?
6065
What is the remainder when 313712355 is divided by 55?
0
Calculate the remainder when 29603 is divided by 13753.
2097
Calculate the remainder when 7006821 is divided by 10.
1
What is the remainder when 20534883 is divided by 2089?
13
What is the remainder when 231153493 is divided by 1288?
1285
Calculate the remainder when 190132 is divided by 376.
252
Calculate the remainder when 1452557 is divided by 103745.
127
What is the remainder when 132403123 is divided by 918?
901
Calculate the remainder when 3451 is divided by 2811.
640
What is the remainder when 47009676 is divided by 3096?
12
What is the remainder when 2722682 is divided by 453778?
14
Calculate the remainder when 1826023 is divided by 149.
28
Calculate the remainder when 111448101 is divided by 5.
1
What is the remainder when 17547672 is divided by 8773832?
8
Calculate the remainder when 1913082 is divided by 384.
378
Calculate the remainder when 3736462234 is divided by 12.
10
Calculate the remainder when 516281 is divided by 39.
38
What is the remainder when 74603289 is divided by 1695529?
13
Calculate the remainder when 8690169 is divided by 2508.
2457
Calculate the remainder when 3851175 is divided by 35.
20
Calculate the remainder when 67980 is divided by 9593.
829
What is the remainder when 6708398 is divided by 122?
106
What is the remainder when 1238289 is divided by 206375?
39
Calculate the remainder when 443975 is divided by 20.
15
What is the remainder when 15944995 is divided by 27?
10
What is the remainder when 169196 is divided by 1045?
951
What is the remainder when 5522447 is divided by 46020?
47
Calculate the remainder when 936269 is divided by 1004.
541
Calculate the remainder when 20564 is divided by 5035.
424
Calculate the remainder when 2097 is divided by 1872.
225
Calculate the remainder when 31723 is divided by 4509.
160
What is the remainder when 6770568 is divided by 2256847?
27
What is the remainder when 16143101 is divided by 188?
105
Calculate the remainder when 157872263 is divided by 132.
131
What is the remainder when 4284110 is divided by 357009?
2
Calculate the remainder when 433962 is divided by 1096.
1042
Calculate the remainder when 186030 is divided by 4650.
30
What is the remainder when 1366333 is divided by 7506?
241
What is the remainder when 43140236 is divided by 71?
68
Calculate the remainder when 70457 is divided by 21825.
4982
What is the remainder when 33115309 is divided by 8?
5
What is the remainder when 267928 is divided by 133832?
264
Calculate the remainder when 797196924 is divided by 1133.
1129
What is the remainder when 1770688 is divided by 12128?
0
Calculate the remainder when 199429 is divided by 4637.
38
What is the remainder when 28613075 is divided by 2016?
2003
Calculate the remainder when 1529110 is divided by 402.
304
What is the remainder when 3180897 is divided by 177?
30
What is the remainder when 7302623 is divided by 5875?
5873
What is the remainder when 1045576 is divided by 149258?
770
What is the remainder when 26004 is divided by 112?
20
Calculate the remainder when 66213 is divided by 178.
175
What is the remainder when 7653 is divided by 419?
111
What is the remainder when 467806987 is divided by 16?
11
What is the remainder when 1066211 is divided by 184?
115
Calculate the remainder when 1261585 is divided by 420519.
28
Calculate the remainder when 84922 is divided by 1258.
636
Calculate the remainder when 15073158 is divided by 5024384.
6
What is the remainder when 59803432 is divided by 5598?
5596
Calculate the remainder when 59570 is divided by 5990.
5660
Calculate the remainder when 11100706 is divided by 3053.
3051
Calculate the remainder when 202749 is divided by 25272.
573
What is the remainder when 9539 is divided by 1844?
319
Calculate the remainder when 17611543 is divided by 654.
631
What is the remainder when 63239 is divided by 185?
154
What is the remainder when 389038027 is divided by 43?
42
Calculate the remainder when 7945140 is divided by 5667.
6
Calculate the remainder when 1792616 is divided by 2920.
2656
What is the remainder when 827940 is divided by 275619?
1083
What is the remainder when 23498921 is divided by 906?
905
What is the remainder when 12880711 is divided by 143?
129
Calculate the remainder when 118263 is divided by 2949.
303
Calculate the remainder when 317840 is divided by 12223.
42
What is the remainder when 2980576 is divided by 2099?
2095
What is the remainder when 1374888 is divided by 638?
636
Calculate the remainder when 86013903 is divided by 33.
30
Calculate the remainder when 21333 is divided by 2491.
1405
What is the remainder when 106275 is divided by 5068?
4915
Calculate the remainder when 56071 is divided by 1367.
24
What is the remainder when 14950757 is divided by 2491792?
5
What is the remainder when 157159 is divided by 13094?
31
Calculate the remainder when 5383812 is divided by 5383803.
9
Calculate the remainder when 3088808 is divided by 617757.
23
Calculate the remainder when 1733762 is divided by 950.
12
Calculate the remainder when 19280932 is divided by 9640447.
38
Calculate the remainder when 2861132 is divided by 16.
12
What is the remainder when 285502 is divided by 22?
8
What is the remainder when 18502 is divided by 15630?
2872
What is the remainder when 665515 is divided by 221418?
1261
What is the remainder when 2661594 is divided by 300?
294
Calculate the remainder when 10479039 is divided by 2393.
92
What is the remainder when 271896796 is divided by 5600?
5596
Calculate the remainder when 44233691 is divided by 130099.
31
Calculate the remainder when 42328438 is divided by 65.
48
What is the remainder when 8965366 is divided by 72?
70
What is the remainder when 493261 is divided by 24504?
3181
What is the remainder when 2703003 is divided by 857?
25
What is the remainder when 204265 is divided by 201237?
3028
Calculate the remainder when 299114144 is divided by 84305.
4
Calculate the remainder when 874092 is divided by 168.
156
Calculate the remainder when 168718 is divided by 56065.
523
What is the remainder when 102370066 is divided by 782?
10
What is the remainder when 97083683 is divided by 1253?
1243
What is the remainder when 1665097 is divided by 1665045?
52
Calculate the remainder when 194301 is divided by 27755.
16
Calculate the remainder when 269307 is divided by 8039.
4020
Calculate the remainder when 77156369 is divided by 34.
33
What is the remainder when 753873 is divided by 34?
25
What is the remainder when 67609 is divided by 66276?
1333
What is the remainder when 305174 is divided by 1088?
534
What is the remainder when 119411 is divided by 1137?
26
What is the remainder when 10398 is divided by 5515?
4883
Calculate the remainder when 4285334 is divided by 1428430.
44
Calculate the remainder when 1125547 is divided by 33104.
11
What is the remainder when 4545482 is divided by 230?
222
What is the remainder when 5393949 is divided by 119?
36
Calculate the remainder when 305072225 is divided by 123.
122
Calculate the remainder when 169016894 is divided by 3414.
3410
What is the remainder when 6980561 is divided by 577?
15
What is the remainder when 39658619 is divided by 6609768?
11
Calculate the remainder when 7119198 is divided by 2373066.
0
What is the remainder when 388084 is divided by 884?
8
Calculate the remainder when 11851